 (-4200)/1?
4
Let n = 12 + -92. Let m = -76 - n. Suppose -t + 0*v = -v - 174, 0 = 2*v - m. What is the units digit of t?
6
Let s(k) = 93*k**3 + k**2 - k. Let j be s(-2). Let g = -438 - j. Suppose -2*y = 3*y - g. What is the units digit of y?
0
Suppose -2*t - 3*i = -1, 0 = -t - 3*i - i - 7. Suppose 0 = -2*r + t*f + 957, 3*r = 8*r - 4*f - 2435. What is the tens digit of r?
9
Let z(q) = 3*q - 9. Let w be z(11). Let j be ((392/w)/(-7))/(1/(-33)). Let n = 234 - j. What is the tens digit of n?
5
Let j be (-1 + -13)*1*-11. Suppose 5*c - 5*s - 20 = 0, 3*s - 1 = -5*c + 11. Suppose 0 = a + 4*a + c*k - 772, a + k - j = 0. What is the tens digit of a?
5
Suppose 5*s - 8 = 3*s. Let g(y) = y**3 - 4*y**2 + 2*y - 1. Let q be g(s). Suppose -3*b = -4*j + 418, 3 = 5*b - q. What is the tens digit of j?
0
Let q(g) = -29153*g + 1354. What is the hundreds digit of q(-2)?
6
Let s be (-104)/(-2) - (-7 - -15)/8. Suppose -3*f + 690 + s = 0. What is the units digit of f?
7
Suppose -8*j = -15*j + 56. What is the tens digit of (-6)/(-2) - (-371 + j + -13)?
7
Let g(x) = 10*x**2 - 99*x + 1177. What is the tens digit of g(53)?
2
Suppose -239*w + s + 22803 = -237*w, -4*s = -w + 11412. What is the ten thousands digit of w?
1
Suppose 0 = -f + 5*u + 30 + 8, -2*f + u = -67. Let c = 39 - f. Suppose 2*k + c*v - 68 = 2*v, 3*k - 2*v - 86 = 0. What is the units digit of k?
0
Suppose -31 = 16*u + 17. What is the tens digit of (((-2200)/u)/10)/(2/12)?
4
Suppose 2*v - 3*t = 34751 + 10039, 5*v + 4*t - 111929 = 0. What is the thousands digit of v?
2
Let x = 2604 + -384. What is the tens digit of x?
2
What is the ten thousands digit of 9 - ((-66574)/6 - (-168)/(-72))?
1
Suppose -2*n + 46 + 5 = -3*g, -3*n + 4*g = -79. Let a = 35 - n. Suppose 0 = -a*u + 5*c + 56 + 129, 2*c = 5*u - 410. What is the units digit of u?
0
Let w = -18069 + 40276. What is the hundreds digit of w?
2
Let b(d) = d**3 + 8*d**2 + 6*d - 2. Let q be b(-7). Let z be 53/q - 18/(-45). Let s = z - 0. What is the units digit of s?
1
Let t(g) = -4*g**2 - 15*g + 51. Let v be t(3). What is the tens digit of v/(-135) + (-1072)/(-36)?
3
Let u(z) = 1374*z**2 - 61*z + 49. What is the thousands digit of u(-4)?
2
Let q = -31 - -35. Let s be (26/6)/(q/(-72)). What is the tens digit of (-8)/6*s/4?
2
Suppose -j - v + 378 = v, -1140 = -3*j - 3*v. Suppose 7*m + 326 = j. What is the units digit of m?
8
Suppose 3*m = 3*v - 93, 4*m + v - 6*v + 120 = 0. Let h = 125 + m. Suppose f - h = -4*f. What is the units digit of f?
8
Suppose -1 = 48*x - 193. Suppose -x*s + 4266 + 1122 = 0. What is the thousands digit of s?
1
What is the hundreds digit of 16/28 - (10 - 1081674/63)?
1
Let f = 1716 + -534. What is the hundreds digit of 4/10 - f*(-3)/10?
3
Let a(f) = -f**3 + 4*f**2 - 11*f - 13. Let o be a(8). Let l = o + 605. What is the hundreds digit of l?
2
Let z(w) = w**3 + 30*w**2 + w + 42. Let t be z(-30). Suppose -t*s = -8*s + c - 3540, -866 = -s - 5*c. What is the units digit of s?
6
Suppose 28 = 2*k + 4*a, 0 = -4*k + 12*a - 8*a - 4. What is the units digit of ((-313)/(-3) - 6) + k/6?
9
Let m(w) = 6*w**3 - 3*w**2 - 4. Let f(r) = -18*r**3 + 9*r**2 - r + 12. Let n(j) = 2*f(j) + 7*m(j). What is the hundreds digit of n(4)?
3
Suppose 2*b - 5 = b. Suppose -531 - 655 = -4*i + b*l, 3*l - 1501 = -5*i. What is the hundreds digit of i?
2
Let o(l) = l**3 - 78*l**2 - 51*l - 340. What is the tens digit of o(80)?
8
Let z(n) = 12*n**2 + 7. Let s(g) = -2*g - 1. Let c be s(1). Let j be (24/15)/(c/(-5) + -1). What is the tens digit of z(j)?
9
Suppose 4*m + 78445 = 76*i - 71*i, 0 = i - m - 15688. What is the hundreds digit of i?
6
Suppose 2*i - 6*b = -2*b - 372, 0 = 3*i - b + 538. Let h = i + 436. What is the tens digit of h?
5
What is the ten thousands digit of (-13 - (-3519)/9)*123/4*2?
2
Suppose -2*q + 1524 = 222. Let r = -1 + q. Suppose -5*u + 5*j = -r, 0*u + 4*j + 395 = 3*u. What is the units digit of u?
5
Let a(t) = 6*t + 37. Let o be a(-7). What is the hundreds digit of (-963)/o + 60/150?
1
Let n(h) = 5*h + 36. Let z(s) = 5*s + 36. Let f(r) = 6*n(r) - 7*z(r). Let k(y) = -y - 9. Let d(j) = 4*f(j) - 18*k(j). What is the tens digit of d(-4)?
2
Suppose 0 = q + 4*q - 4*o - 114, -4*q = 2*o - 112. Suppose q*i - 8448 = 2*i. What is the units digit of i?
2
Let r = -6416 - -7777. What is the tens digit of r?
6
Let o(n) be the first derivative of -1/3*n**3 + 1/2*n**2 - 13 + 19/4*n**4 - n. What is the tens digit of o(1)?
1
Suppose -1 = 4*r - 1. Suppose r = 5*y - 10, 6*u - 2*y + 16 = 2*u. What is the tens digit of u/(2 - 211/104)?
0
Let x(s) = s**2 - 290*s - 16. Let p(f) = -96*f - 5. Let d(m) = -8*p(m) + 3*x(m). What is the tens digit of d(38)?
4
Let a = -24 + 72. Suppose -34*b = -36*b + 98. Let f = a + b. What is the units digit of f?
7
Let i(w) = -w + 5. Let j = 49 + -37. Let q be i(j). What is the units digit of (-21)/q - (-1 - -3)?
1
Suppose -2*v = 4, 0 = -4*s + 4*v + 48 - 8. Let f be (18 - s)*3/6. Suppose d - 65 = -2*t, -3*d - f = -2*d. What is the units digit of t?
5
Suppose 10*f - 9*f + 519 = 2*l, 3*f + l + 1592 = 0. Let k = f + 804. What is the units digit of k?
5
What is the thousands digit of (-3 + 3918/(-12))/(0 + 4/(-40))?
3
Suppose -12 = -2*y + 3*u, y - 8*u = -5*u + 12. Let s(i) = i**2 - 10*i + 754. What is the hundreds digit of s(y)?
7
Let s = 35 + -35. Suppose -120 = -2*j + 3*n, 3*j - 5*n - 284 + 104 = s. Let f = 171 - j. What is the hundreds digit of f?
1
Let r(l) = -8*l**3 + 4*l**2 - l. Let q be r(1). What is the tens digit of q + (-36)/(-8) + 1425/6?
3
Suppose -4*d - 4 - 8 = 0. What is the tens digit of d*2/3*(-876)/8?
1
What is the hundreds digit of (6 - 7)*(1 - -1)*(-9596 + -27)?
2
Let h(q) = 4*q - 45. Let w be h(11). Let s be -2 + -1 - (w - 6) - -1. Suppose 3*g - 5*y - 420 = 0, -s*g + y - 5*y = -700. What is the tens digit of g?
4
Let o be 1 + 10/(-6) + (-259)/21. What is the tens digit of (-16)/(-4) - (-401 - o)?
9
Suppose -5*h - 2*w + 185 = 0, -3*w + 15 = -6*w. Let m = h + -54. What is the units digit of (-1*m/(-12))/((-3)/72)?
0
Let p be (-4)/(-16) - (18/8 - 2). Suppose 4*j - 5900 = -5*g - p*g, -j - 3*g = -1468. What is the units digit of j?
0
Suppose -2*m + 3*m + 162 = 0. Let q = -185 - -467. Let g = q + m. What is the tens digit of g?
2
Suppose -3*p = 5*l + 350, -3*l - 143 = -2*p + 48. Let j = 58 + -192. Let m = l - j. What is the tens digit of m?
6
Suppose 0 = 4*t + 3*l - 27401, -34252 = -5*t - 99*l + 96*l. What is the thousands digit of t?
6
Suppose 2*l - c - 2*c + 3 = 0, -l - 6 = 3*c. What is the tens digit of 5*(1416/30)/(l/(-3))?
3
Suppose -8*n + 6*n = 5*v - 374, 935 = 5*n + 2*v. Suppose 4*f - 3*f = h + n, -5*f - 4*h = -971. What is the tens digit of f?
9
Let i(w) = 2*w**2 + 11*w - 35. Let o be i(-10). Suppose o*t - 3088 = 47*t. What is the hundreds digit of t?
3
Let i = -85 - -89. Let p(l) = 4*l**3 + 7*l**2 - 13*l - 9. What is the hundreds digit of p(i)?
3
Suppose -4*a + 12 + 20 = 0, -4*a = 5*s - 251952. What is the ten thousands digit of s?
5
Let t(x) be the second derivative of 3*x**4 + x**2/2 + 21*x. What is the hundreds digit of t(3)?
3
Suppose 70*a - 5*o - 6273 = 69*a, 31417 = 5*a + o. What is the hundreds digit of a?
2
Let i = -2006 - -15813. What is the thousands digit of i?
3
Suppose -5*x - 4*o = -35016, -3*x = -0*x - 2*o - 21036. What is the hundreds digit of x?
0
Let b(x) = 68*x**2 - 79*x - 1413. What is the hundreds digit of b(-17)?
5
Suppose -3*l - 3*h + 0*h = -72081, 3*l + 5*h = 72077. What is the hundreds digit of l?
0
Let p(z) = z**3 - z**2 + 2*z + 66. Let w(r) = -r - 3. Let c be w(17). Let d(a) = a**3 + 19*a**2 - 20*a. Let v be d(c). What is the tens digit of p(v)?
6
Let t = -75 - -76. Let n be 1034 - (-1 + 5 + t). Suppose 0 = 6*p + 387 - n. What is the hundreds digit of p?
1
Let n be 1 + -23 + 1*-7. What is the tens digit of 26/377 + (-51473)/n?
7
Let x(i) = -124*i + 16. Let y be x(-12). Suppose -14*u + 16*u = y. What is the tens digit of u?
5
Suppose -4*l = 3*x - 43, 0*x - 6 = -2*x + 3*l. Let n be x/((-135)/(-12))*5. What is the tens digit of (-1)/16*4 - (-49)/n?
1
Let l = -85 + 93. Let p be (3 - 12/l)/(6/(-1184)). Let u = p + 507. What is the tens digit of u?
1
Suppose 0 = 6*j - 36 + 18. Suppose j*b = -5*r + 3367, 3*r + 5*b = -r + 2704. What is the hundreds digit of r?
6
Let s(y) = -y**2 - 10*y + 13. Let j be s(-12). Let d(a